10010010?
1001000101
In base 8, what is -2442 + -10?
-2452
In base 14, what is -2 + 227cba?
227cb8
In base 16, what is -29de5 + -6?
-29deb
In base 6, what is 152340 - 151?
152145
In base 7, what is 50 + 130520?
130600
In base 2, what is -110010 - 1100011001001?
-1100011111011
In base 12, what is -3 + -1b8?
-1bb
In base 6, what is 5 - 354133?
-354124
In base 2, what is 1010011110 - -101100010?
10000000000
In base 12, what is -5 - 13b15?
-13b1a
In base 3, what is -2 - 1021212021?
-1021212100
In base 4, what is -2203332331 + 2?
-2203332323
In base 16, what is -23c5 - 23?
-23e8
In base 2, what is -10 - -10010000110?
10010000100
In base 6, what is -503125 - 2?
-503131
In base 6, what is -1013524 - -5?
-1013515
In base 6, what is -10 + 5454?
5444
In base 6, what is 1252050 - 3?
1252043
In base 14, what is -83 + a?
-77
In base 8, what is 16 + -34745?
-34727
In base 16, what is 37 + -181?
-14a
In base 12, what is 150477 - -4?
15047b
In base 12, what is 86 - -2b17?
2ba1
In base 15, what is 12b + -3397?
-326b
In base 12, what is 3 - 3424?
-3421
In base 15, what is c614 - 20?
c5e4
In base 14, what is -87 - 11a?
-1a3
In base 15, what is -69b + a?
-691
In base 2, what is 1100111101 + 11011?
1101011000
In base 9, what is -572823 - -3?
-572820
In base 9, what is 42 - -32511?
32553
In base 4, what is 30033 + 110313?
201012
In base 13, what is -3 + 786?
783
In base 13, what is -994442 + 2?
-994440
In base 14, what is 58 - -1cb9?
1d33
In base 5, what is -4140 + 102?
-4033
In base 10, what is -2519690 - -4?
-2519686
In base 13, what is 2415 + 43?
2458
In base 13, what is 4 + -132a?
-1326
In base 15, what is b + -1909?
-18ed
In base 10, what is 69 - 217?
-148
In base 13, what is c81b6c - -2?
c81b71
In base 12, what is 358 + -438?
-a0
In base 9, what is -451 - -2014?
1453
In base 3, what is 1001101100 + -10200?
1001020200
In base 6, what is 13331202 - 2?
13331200
In base 7, what is 40505 + 662?
41500
In base 6, what is 1334 + -4250?
-2512
In base 7, what is 4 + 2641?
2645
In base 12, what is b - 103771?
-103762
In base 5, what is -1042032 + 1?
-1042031
In base 12, what is 2 - 290a1?
-2909b
In base 14, what is -7624 + c?
-7616
In base 14, what is 1c8d - -33?
1cc2
In base 6, what is 24 + 513113?
513141
In base 2, what is 110010111100011101 + -10110?
110010111100000111
In base 3, what is 110 - 10020111211?
-10020111101
In base 7, what is 3 - 4621563?
-4621560
In base 16, what is 5d9b + -5?
5d96
In base 6, what is -211 - 143144?
-143355
In base 11, what is 2521 - -880?
32a1
In base 14, what is -4 + -12c7?
-12cb
In base 11, what is 3889 - 5?
3884
In base 10, what is 622 + -347?
275
In base 15, what is 20a + -505?
-2ea
In base 15, what is -d - 607?
-615
In base 12, what is 162b + -a?
1621
In base 11, what is 47 + 430?
477
In base 11, what is 9 - -a98?
aa6
In base 4, what is -131 + 221012230?
221012033
In base 3, what is -2202 + -1001000?
-1010202
In base 4, what is 2 - 2312332?
-2312330
In base 3, what is 10 - -10101221210?
10101221220
In base 14, what is 6 - -285c?
2864
In base 15, what is 0 - c85?
-c85
In base 11, what is 296 + 6a?
355
In base 11, what is 17036 - 66?
16a80
In base 13, what is 139879 + 3?
13987c
In base 2, what is -100000100100111 + 10111010?
-100000001101101
In base 10, what is -26 - -1350?
1324
In base 5, what is -34224 + -240?
-40014
In base 2, what is 101011011001 + -1000001011?
100011001110
In base 3, what is -120 + 1102210002?
1102202112
In base 8, what is -76766 - -22?
-76744
In base 9, what is -108307 + 10?
-108287
In base 13, what is 0 + 5674a?
5674a
In base 16, what is 30 + 6297?
62c7
In base 14, what is 6cb3 - 5?
6cac
In base 12, what is 59 + 305?
362
In base 3, what is 2010 - -2220?
12000
In base 11, what is -aa9 + 16?
-a93
In base 14, what is -1aa989 + -5?
-1aa990
In base 14, what is -1 - aacc4?
-aacc5
In base 7, what is 122051060 + -2?
122051055
In base 11, what is -1069 - 107?
-1175
In base 16, what is 4 + -278b?
-2787
In base 14, what is -468 - -126?
-342
In base 5, what is 3244202 - -22?
3244224
In base 5, what is -24132 + -12?
-24144
In base 2, what is 100 + 1011100101111011110?
1011100101111100010
In base 3, what is -11221212 - -1000?
-11220212
In base 6, what is 301413 - -202?
302015
In base 15, what is -a9 + -125?
-1ce
In base 11, what is -2 + -1943?
-1945
In base 15, what is 6 - dd?
-d7
In base 8, what is 2312 - 2?
2310
In base 13, what is -b392 - -6?
-b389
In base 5, what is -10 - 34143010?
-34143020
In base 16, what is -9 - 3a?
-43
In base 4, what is 3011 + 10010?
13021
In base 16, what is -3 + -824a?
-824d
In base 7, what is 1535120 + 6?
1535126
In base 3, what is -11 - 112200210?
-112200221
In base 16, what is -4 + 262d1?
262cd
In base 7, what is 16526 - -32?
16561
In base 14, what is -2 - 591d6?
-591d8
In base 12, what is -7a9 - -264?
-545
In base 8, what is -710 + 60?
-630
In base 6, what is -211101 - -35?
-211022
In base 2, what is 11010 - -10101110010?
10110001100
In base 10, what is 1884 + -1834?
50
In base 15, what is -5e01 - -11?
-5de0
In base 8, what is -4 - -301420?
301414
In base 10, what is 0 - -987548?
987548
In base 15, what is -5a334 + -5?
-5a339
In base 11, what is -7287889 + 0?
-7287889
In base 6, what is -433055 - 5?
-433104
In base 16, what is -4 - -1e2d?
1e29
In base 10, what is 746 + -45?
701
In base 3, what is 11200 + 201122221?
201211121
In base 13, what is 2a5 + -44a9?
-4204
In base 10, what is 5 - -27596?
27601
In base 3, what is -220202112 + -100?
-220202212
In base 12, what is 226 - -625?
84b
In base 10, what is 5 - 5223?
-5218
In base 2, what is 100 - 111000110010010?
-111000110001110
In base 10, what is -1 + 10484?
10483
In base 11, what is 1a68 - 7?
1a61
In base 2, what is -1 + 100011010110001?
100011010110000
In base 4, what is -12123212 - -1?
-12123211
In base 4, what is 1221 + -21101?
-13220
In base 9, what is -152 - -1053?
801
In base 7, what is 2434 + -2?
2432
In base 13, what is 11 - 4baa5?
-4ba94
In base 14, what is 5 - 1077d?
-10778
In base 15, what is -655 + -10?
-665
In base 11, what is 8 + -18607?
-185aa
In base 10, what is 128670 - -10?
128680
In base 8, what is 35 + 3774?
4031
In base 4, what is 0 + 120000302?
120000302
In base 11, what is a0aa07 - 0?
a0aa07
In base 8, what is 0 - 177575?
-177575
In base 3, what is 20101 + 111?
20212
In base 10, what is 2777286 + 5?
2777291
In base 11, what is 17305 - 5?
17300
In base 16, what is -1e + 605?
5e7
In base 15, what is -839 + 24?
-815
In base 5, what is -24042 + -201?
-24243
In base 7, what is 11611 - -15?
11626
In base 4, what is 2331 + -2322?
3
In base 16, what is bc8c + 2f?
bcbb
In base 8, what is 5570 - -11?
5601
In base 7, what is -546151 - 34?
-546215
In base 6, what is 13544 + 40?
14024
In base 6, what is 125441 + 350?
130231
In base 10, what is -2 + 1947320?
1947318
In base 4, what is 0 - -11213012?
11213012
In base 13, what is -26 + 2707?
26b1
In base 8, what is -2453 + -14?
-2467
In base 10, what is -174 - -1649?
1475
In base 10, what is -3800 - 21?
-3821
In base 2, what is -11000 + -1110011010110110?
-1110011011001110
In base 14, what is 1d8816 - 1?
1d8815
In base 11, what is 2 - -3351?
3353
In base 6, what is 5 + 205511?
205520
In base 14, what is -1559 - -2?
-1557
In base 5, what is 1 + 403421411?
403421412
In base 4, what is -210021 - -3?
-210012
In base 13, what is 2 - 47b8?
-47b6
In base 15, what is c - -140ce8?
140d05
In base 11, what is 118a - -31?
1210
In base 16, what is 1e0 - -ba?
29a
In base 15, what is -e2 - -18d?
9b
In base 14, what is -73ad + -5?
-73b4
In base 3, what is 1211 + 20012000?
20020211
In base 7, what is 51 - 110143?
-110062
In base 6, what is -101025140 + 5?
-101025131
In base 16, what is 2bc0 - a?
2bb6
In base 7, what is -2 - 30605?
-30610
In base 6, what is -1402024 + 43?
-1401541
In base 6, what is 2122 - -25332?
31454
In base 8, what is -1055363 + -4?
-1055367
In base 16, what is -c7 - -19?
-ae
In base 15, what is 7 + -3d12?
-3d0a
In base 4, what is 1210 - 23331322?
-23330112
In base 9, what is -3 - -2550437?
2550434
In base 6, what is 143 - -1234?
1421
In base 13, what is -3511b + 1?
-3511a
In base 3, what is -111202110 + 22111?
-111102222
In base 5, what is -11 + 10000444?
10000433
In base 6, what is 1 + 15031325?
15031330
In base 2, what is -101 + -101101001010?
-101101001111
In base 9, what 